s 428095847 composite?
False
Is 356313263 a composite number?
True
Is 6829259 composite?
False
Is 66797 a composite number?
False
Is 30857053 a composite number?
True
Is 288803 prime?
True
Is 308103 a prime number?
False
Is 368531 a prime number?
True
Is 33344723 prime?
False
Is 7559039 a prime number?
False
Is 151462271 prime?
True
Is 23379085 a composite number?
True
Is 169311 prime?
False
Is 31455713 a composite number?
False
Is 2566747 a composite number?
False
Is 12957493 a prime number?
False
Is 467548763 a composite number?
True
Is 74001089 a composite number?
False
Is 30440177 prime?
False
Is 4170919 composite?
True
Is 454052143 a prime number?
True
Is 8233513 a prime number?
False
Is 215483791 prime?
True
Is 22952915 composite?
True
Is 4011655 prime?
False
Is 117919187 prime?
False
Is 76402921 a composite number?
True
Is 129493453 composite?
False
Is 511999069 prime?
False
Is 351151 a composite number?
False
Is 9876013 a prime number?
False
Is 33650761 a prime number?
False
Is 4011103 a composite number?
False
Is 1090903 composite?
True
Is 8103487 a prime number?
False
Is 3347161 prime?
True
Is 154335211 a composite number?
True
Is 11764823 composite?
True
Is 845297113 prime?
True
Is 381134189 composite?
False
Is 16092569 a composite number?
True
Is 15465341 prime?
True
Is 66809789 a prime number?
True
Is 68848889 a prime number?
True
Is 6705682 a prime number?
False
Is 2337359 a prime number?
True
Is 160280317 a composite number?
True
Is 12389721 composite?
True
Is 100346879 a prime number?
True
Is 148777193 prime?
True
Is 18973087 a prime number?
False
Is 920981 a composite number?
True
Is 292940306 a composite number?
True
Is 13249267 a prime number?
True
Is 221021 a prime number?
True
Is 1246029 prime?
False
Is 76921379 prime?
False
Is 9683449 prime?
True
Is 56177963 a composite number?
False
Is 166187594 a composite number?
True
Is 173281291 prime?
False
Is 1500365 prime?
False
Is 1229893 a composite number?
True
Is 1237253 composite?
False
Is 4327909 prime?
True
Is 11413249 a composite number?
True
Is 285818542 a composite number?
True
Is 16233683 prime?
False
Is 182714863 a composite number?
False
Is 3876863819 a prime number?
True
Is 616834519 prime?
False
Is 566171 prime?
False
Is 25598687 composite?
False
Is 1553837 a prime number?
True
Is 31693687 a prime number?
False
Is 467663 a prime number?
False
Is 6055297 prime?
True
Is 15949823 composite?
False
Is 146994437 prime?
True
Is 7953289 a prime number?
True
Is 1422367 composite?
False
Is 172430438 prime?
False
Is 965102539 a composite number?
True
Is 33350279 a prime number?
True
Is 15411965 a prime number?
False
Is 19551433 a prime number?
False
Is 24699301 a composite number?
True
Is 1233019 composite?
False
Is 154584787 a composite number?
True
Is 12284611 a composite number?
True
Is 12560419 composite?
True
Is 55556483 a prime number?
True
Is 17112347 a composite number?
True
Is 12143063 a composite number?
False
Is 518182631 a composite number?
True
Is 1165711 prime?
True
Is 6112199 composite?
False
Is 93730403 composite?
True
Is 34929535 composite?
True
Is 2526023 a prime number?
True
Is 26183233 prime?
True
Is 3215311 a composite number?
True
Is 20784662 prime?
False
Is 7667999 prime?
True
Is 127552673 prime?
True
Is 51516227 a composite number?
True
Is 2885237 prime?
True
Is 1556677 composite?
True
Is 13742837 a prime number?
True
Is 29386121 prime?
True
Is 68041969 a prime number?
True
Is 33567113 a composite number?
False
Is 23399339 prime?
True
Is 89622982 a composite number?
True
Is 96301099 a prime number?
True
Is 410250053 prime?
True
Is 4755767 a composite number?
True
Is 60694859 prime?
False
Is 12421831 a prime number?
False
Is 3913451 a composite number?
True
Is 194041733 a composite number?
False
Is 875723 a composite number?
True
Is 19541201 a composite number?
True
Is 42105367 a prime number?
False
Is 3501959 composite?
True
Is 15588565 a prime number?
False
Is 4079819 a composite number?
False
Is 358531 a prime number?
True
Is 14928251 prime?
False
Is 84183397 prime?
True
Is 36045551 a composite number?
False
Is 1505057 a composite number?
True
Is 22335319 prime?
True
Is 412281139 a composite number?
True
Is 44043863 a composite number?
False
Is 11367397 composite?
True
Is 4029199 composite?
False
Is 351763 composite?
False
Is 22004599 a composite number?
True
Is 148343171 a prime number?
True
Is 3772033 a prime number?
False
Is 9421129 prime?
True
Is 27575857 a prime number?
False
Is 172888357 composite?
False
Is 167920177 a prime number?
True
Is 337243211 a composite number?
False
Is 109107157 prime?
False
Is 2095543 composite?
True
Is 3783899 a prime number?
False
Is 633359 a prime number?
True
Is 5158249 composite?
True
Is 2004161 a composite number?
True
Is 94554179 a prime number?
False
Is 9008359 a composite number?
False
Is 2994581 a composite number?
False
Is 5904089 a composite number?
False
Is 100812209 a composite number?
False
Is 37997429 a prime number?
True
Is 951778 a prime number?
False
Is 275228711 composite?
True
Is 21880213 a prime number?
False
Is 35421223 prime?
True
Is 4018039 prime?
True
Is 1297081 a prime number?
False
Is 459143 prime?
False
Is 243323 prime?
False
Is 10783319 a composite number?
True
Is 15464671 a prime number?
False
Is 18422263 prime?
False
Is 127423 composite?
False
Is 209791 a prime number?
False
Is 1428107 composite?
True
Is 66611 prime?
False
Is 4501507 a composite number?
False
Is 3330451 prime?
False
Is 30570481 composite?
False
Is 752251 composite?
False
Is 1142681 a composite number?
True
Is 345146 a composite number?
True
Is 1455583 composite?
True
Is 154472399 composite?
False
Is 279781 a composite number?
True
Is 5515513 composite?
False
Is 18142405 prime?
False
Is 27273581 a composite number?
True
Is 14590781 composite?
True
Is 1856891 prime?
True
Is 983309 a prime number?
False
Is 5616097 prime?
True
Is 2503177 a prime number?
False
Is 2645441 a composite number?
True
Is 27786061 a prime number?
True
Is 38206687 a prime number?
True
Is 384191933 a composite number?
False
Is 221936369 composite?
False
Is 14047351 prime?
True
Is 16815599 a composite number?
True
Is 735019 a composite number?
False
Is 41003377 prime?
True
Is 23050697 prime?
True
Is 875258 composite?
True
Is 207566963 a composite number?
True
Is 285266647 a composite number?
True
Is 31157097 a composite number?
True
Is 142303793 prime?
True
Is 198492577 a composite number?
False
Is 23357803 prime?
False
Is 85624493 a composite number?
False
Is 2343149 prime?
False
Is 8258469 a prime number?
False
Is 16884211 a prime number?
True
Is 151208243 a composite number?
False
Is 6468929 prime?
False
Is 5113805 a prime number?
False
Is 1315117 a composite number?
True
Is 7335019 a prime number?
True
Is 2668931 a prime number?
True
Is 325342 a prime number?
False
Is 793369 prime?
False
Is 191616937 a composite number?
False
Is 8572159 prime?
False
Is 5135807 a prime number?
True
Is 109915153 a composite number?
False
Is 98678537 a prime number?
True
Is 17534791 a prime number?
True
Is 19299499 a prime number?
False
Is 731005301 composite?
True
Is 4313135 a prime number?
False
Is 647248211 a prime number?
True
Is 4718053 prime?
False
Is 26250379 prime?
False
Is 199680911 a prime number?
True
Is 55457607 composite?
True
Is 2794201 a composite number?
True
Is 2271539 prime?
False
Is 7044803 prime?
True
Is 5083087 a prime number?
True
Is 3288433 a prime number?
True
Is 610621481 composite?
True
Is 65635477 prime?
True
Is 371250493 prime?
False
Is 22768855 composite?
True
Is 3749939 a composite number?
False
Is 330411247 composite?
False
Is 202561351 a prime number?
True
Is 11350853 prime?
False
Is 11639557 prime?
True
Is 3086327 a composite number?
True
Is 3199991 composite?
False
Is 4562099 a prime number?
True
Is 8480534 a prime number?
False
Is 328040003 composite?
True
Is 19560911 prime?
True
Is 31923033 a composite number?
True
Is 6267949 a composite number?
True
Is 80789977 a prime number?
False
Is 9903671 composite?
False
Is 660227 prime?
True
Is 385806667 a composite number?
False
Is 32291843 a composite number?
False
Is 3208793 a prime number?
False
Is 1911733 prime?
True
Is 80565011 a prime number?
True
Is 1518263 composite?
False
Is 